+ -3?
-27
What is the value of 273 + -239 - (-2 + 44)?
-8
Evaluate (-441 - -421) + 1 + -75 + -5.
-99
Evaluate ((-36 - -92) + (2 - 9) - 0) + 6.
55
Evaluate 6 + -13 + 14 + 2 + 11 - (-2 - 0).
22
14 - 2 - (11 - (-7 + 38 + -14))
18
What is -119 + -31 + 18 + 22 + 35?
-75
What is the value of (45 - (2 + -1)) + -60 + -21 + 70?
33
What is 75 - (-43 + (-94 - -176))?
36
Calculate -3539 - -3561 - (-2 - (-33 + -3)).
-12
Calculate 2 + (-3 - 56) + (-23 - -23).
-57
Evaluate 53 + -67 - (4 - (-4 - 9)).
-31
What is (-9 + 2 + 2 - 4) + 289 + -235?
45
(5 + 38 - 113) + -3
-73
Calculate -6 + 1 + -1 + -2 + 35 + (21 - 89).
-41
Evaluate (1 - 1) + (47 - 95 - -43) + -53.
-58
What is 19 - 4 - (3 + (-6 - -8) - 21)?
31
Evaluate -3 + (1 - 0) + 40 + (-58 + 7 - -16).
3
Evaluate ((-4 - (-2 - 0)) + -10 - -1) + (7519 - 7508).
0
Calculate -2 + 2 + 26 + -846 + 780.
-40
What is the value of -160 - -6 - (703 - 780)?
-77
What is the value of (5 - 1) + (-164 - -96 - -69)?
5
Calculate 49 + -46 - -68 - 129.
-58
What is 6 + ((-1 - 0) + 10 - 22) + 18?
11
What is 0 - (-5 - (6 + -11 - (16 + -33)))?
17
(-93 + 88 - (14 + -1) - -8) + 1 + 62
53
Calculate 1 + 80 + 36 + -33.
84
-51 - ((-2 - 1) + (-34 - 8) + 17 + 19)
-42
What is 13 + -5 + -56 - -31?
-17
What is 9 - (19 + (11 + -16 - 4)) - 16?
-17
What is the value of -11019 + 10947 + 0 + 157?
85
7 - 6 - (9 + -37) - (-11 + 4) - -8
44
Evaluate (-51 - -28) + 137 + -65.
49
What is the value of 13 + -78 + (10 + 2 + -12 - -15)?
-50
What is the value of 23 + 23 + -48 - ((2 + -1 - -57) + -2)?
-58
Evaluate ((14 - 27) + 12 - (-25 - -18)) + -5.
1
What is the value of -10 + (11 - 5 - 3) - (115 + -46)?
-76
Evaluate -224 + (-16 - -80) - -95.
-65
Calculate 0 - -55 - (-235 + 231) - (-39 - -39).
59
What is -57 - (-7 + (-28 - -44))?
-66
What is the value of (5 + 4 + 5 - 6) + -6 + 23 + -22?
3
What is -1 + 11 - ((51 - 27) + 19 + -35)?
2
Evaluate (-494 - -422) + (-26 - -63).
-35
What is -16 + (26 - 24) + -35 + 20?
-29
(-327 - (363 + -702)) + (65 - 1 - -2)
78
What is (84 - 44 - 29) + (1 - -3)?
15
Evaluate -68 - (15 - (-3 + -1 + -17 + 21)).
-83
What is (-11 - (59 - 3)) + (5 - (-2 - (-2 - 2)))?
-64
Calculate -39 - (-6 + (-1 - -13) + -2 + 8 + -10).
-41
(43 + -21 - 26 - (-2 - 3)) + (-13 - -74)
62
What is the value of -284 + 269 + (47 - 10)?
22
Evaluate 3 + (1 - -113) - (173 - 138).
82
What is -12 + -3 + (-7 - -12) - (3 + 52 + -5)?
-60
What is -18 + -24 - 7 - (78 + -41)?
-86
What is the value of 1 + -55 + -2 + 83?
27
Evaluate -8 - (-42 + 52 + -9 + -3) - 73.
-79
What is -16 + (-44 + 70 + 34 - -36)?
80
82 + -3 - (-917 - -963)
33
Evaluate 79 - 101 - -29 - (-1 - (-1 - 25)).
-18
Evaluate 18 - ((16 - (1 - -1)) + -72 + 90 + -27).
13
What is the value of 34 - (42 - 9) - (9 - 1) - (-3 + 46)?
-50
Calculate 1 + -2 - -28 - (-137 - (-230 - -84)).
18
What is (22 - (71 - 60)) + -58?
-47
What is -2 + -12 - ((-12 - -5) + -11 + 9)?
-5
What is 99 + (-49 - -31 - 15) + 32?
98
Calculate -17 + -1 + 1 + 27 + -60.
-50
Evaluate -20 + 85 + -14 + 13 - -16.
80
What is (-88 - 33) + 55 - -182?
116
Evaluate -8 + (6 - 5 - (2 - 0)) - (6 + 32).
-47
What is the value of 36 + -5 + -19 + -22?
-10
What is 24 - (-4 + 6 - -20 - 7)?
9
1 + -49 + 985 + -945
-8
What is (-468 - -414) + (99 - 0)?
45
What is the value of -5 + 8 + 3 - (105 - (58 - -38))?
-3
What is the value of 144 - (252 + 26 + -138)?
4
-6 + -17 + (1 + 4 - (100 + -90)) + -4
-32
What is -51 + (33 - 17) - -59?
24
(-45 - (-46 + 37)) + 9 - -173
146
Calculate -23 + (178 - (-1 + 114)).
42
What is the value of -128 - ((223 - 158) + -247)?
54
3 + (27 + -2 + -15 - 34)
-21
What is 1 + (4 + -18 - -10) + -59?
-62
Evaluate 324 + -303 - (26 - -3).
-8
Calculate (57 - -4) + -36 + -25.
0
Evaluate (51 - (-37 - -110)) + -5 + -1 + 3.
-25
What is -29 - -124 - (206 - 123)?
12
(-52 + 47 - (1 + -23)) + -8 + 36
45
What is the value of 11 + -19 + 4 + 4 - 13?
-13
Calculate 0 + (-13 - (15 + -39 + -3 + 12)).
2
-16 - (-3 + 0) - (-66 + (10 - -67))
-24
Calculate 36 - (38 + (80 - 60)).
-22
What is the value of -194 + 188 - (-1 - (-2 - 19))?
-26
What is -19 - (-30 + 14 + 7 + -10)?
0
Evaluate -23 + 19 + (69 - 94) + 37.
8
What is the value of 14 + -39 + (3 - -50)?
28
Evaluate 29 + (-12 - -12) - (-6 + 1 + -47 + 47).
34
1 - -13 - (23 + -17 + -4 + -49)
61
-6 + (-135 - -1 - (-24 + -1 + (625 - 601)))
-139
Evaluate (-1 - -5 - (-39 + 94)) + 3 + 7.
-41
Calculate (-25 - -12) + -18 - -7.
-24
What is the value of (-6 - 18) + 36 - -12?
24
What is -45 - 36 - ((9 - -4) + (5 - 2))?
-97
Calculate 5 - 166 - (285 + -396).
-50
Evaluate -29 + -37 + 37 + -5 + 72.
38
What is the value of -27 + 49 + (-41 - -17)?
-2
What is 17 - (-307 + 315 + (2 + 0 - 73))?
80
21 + -5 + (-12 - 2 - -4) + 61
67
Evaluate 65 - (4 + 1 - (-15 + 5 + (8 - 4))).
54
Evaluate (32 - 23) + 5 + -116 + 2 + (5 - 15).
-110
Calculate -26 + -18 + 18 + -41.
-67
What is (8 + 4 + 0 - -18) + -41?
-11
7 + -30 - (-13 - (-12 + -27 + 16))
-33
What is -13 - (-53 - 2) - (15 - (28 + -31))?
24
-44 + (2 - (-4 + 6)) + -25 + 36
-33
Evaluate 22 + (9 + 14 - (-27 + 38)).
34
(-31 - -8 - 47) + -22 + 9 + -1
-84
What is the value of -6 + 0 + -1 + -2 + 200 + (-319 - -127)?
-1
Calculate (-39 - 18) + 82 + 17.
42
(-72 - 0) + (2 - (9 + 1 - (30 - 34)))
-84
Calculate -49 + 58 + 52 - -29.
90
Evaluate 1 + -65 - (-10 + -7 + 34 + -17 + 6).
-70
What is the value of 49 + (5 - 0) + -9 + -16 + 29?
58
9 + (-13 + 1 - (-49 - -34))
12
Calculate -1 - 22 - (30 - 87).
34
Calculate -41 + -20 + 40 + 3 - (-156 + 10).
128
Calculate (-42 - -196 - 205) + 146 + -3.
92
What is -17 + (52 - (16 - 38 - -30))?
27
Calculate -41 - ((-22 - 58) + 76).
-37
What is 3 - -6 - ((35 - 5) + -16)?
-5
Calculate -89 - ((16 - -50) + -94).
-61
What is the value of (-3 - (-11 + (13 - 5))) + (1 - 1) + 2?
2
Evaluate -14 + (20 + -1 - (6 - 42) - -6).
47
Calculate 24 - (-25 + 10 + 67).
-28
What is the value of (2 + -2 - -4) + -3 - (7 - (24 - -31))?
49
Evaluate 111 + 1 - ((-96 - 203) + 332).
79
-12 - (0 - 27) - (-7 + (42 - -7))
-27
What is the value of 15 - (102 - (15 - (13 + 8 + (2 - -6))))?
-101
-21 + 9 + (18 - 1) + (-22 - (-14 - -22))
-25
Calculate -32 + (-67 - -4) + (77 - 53).
-71
8 + -24 + 15 + (11 - (4 - 5))
11
What is -6 - (-12 + (-1 - -9) - -11) - (-77 + -5)?
69
Evaluate -16 - (54 + -30 - 32) - 68.
-76
Evaluate -128 + (13 - 11 - -19 - 34) + 19.
-122
-8 + (-8 - (0 + (7 - -3) + -5 - 11))
-10
What is the value of -11 + ((7 - -4) + -12 + 9 - 5)?
-8
Evaluate (2 - 9) + 2 - (-62 + 74 + -4 + -35).
22
Evaluate 28 - (-7 + (-34 - -62) + -25 + (12 - 0)).
20
(-33 - -44) + (-19 - (2 - 2 - 1))
-7
41 - (30 + (7 - 26 - -35))
-5
What is the value of -2 + (2 - 10) - 0 - (-3057 + 3017)?
30
Evaluate -2 + -7 + 2 - (59 - (13 + -39 + 46)).
-46
What is 24 - (228 + -217 - (-5 + 28))?
36
What is the value of (-49 - 13) + 93 + -44?
-13
Calculate 58 - ((-22 + 35 - 8) + -38).
91
What is -6 + 13 + 11 + -4 + 10?
24
Evaluate 0 + -16 + (-124 - -136) - (-12 - 2) - 43.
-33
43 - -5 - (222 - 163)
-11
What is the value of -18 - (18 + 14 - 21) - 3?
-32
19 - (12 - 10 - (-5 + (5 - 3) + -7))
7
What is the value of 8 - (89 + -35 - (39 - 8))?
-15
Calculate (51 - 46 - (-5 - (-66 - 0))) + -11.
-67
15 - 77 - (-42 + (-15 - -104))
-109
What is 0 + 25 + -2 + 199 + -179 + -46?
-3
Evaluate 52 + 44 + -155 - (2 - 2 - 13).
-46
Calculate 28 - (19 - -15) - (0 - 72 - (-7 + 11)).
70
0 + -4 + -1 - (-94 + 193 - 183) - 7
72
What is the value of (10 - (4 + -7)) + (-28 + -10 - -51)?
26
-4 + (-7 + -8 - -12 - -8)
1
-3 + (52 - (95 + -41))
-5
What is the value of -67 + 31 - (-28 + -5) - 35?
-38
-2 - -3 - 4 - -39 - (6499 + -6489)
26
What is the value of -27 + (-41 + 39 - -61)?
32
Evaluate 0 + -6 - (73 + (-1 + 3 - 9) - -3).
-75
What is 26 + (-53 - -25) + -28 - 30?
-60
Calculate -23 - ((-55 - -43) + -62).
51
7 - (-1 + 3 + 64 + 27 + 12 + -34)
-64
Evaluate -72 + -92 + 119 + (11 - (-1 - -2)).
-35
What is the value of -8 + (-21 - (-2 + (-21 - 9))) + -53?
-50
109 + -17 + -118 - 107
-133
What is the value of -30 + 71 + -15 + 11?
37
Evaluate (28 - (48 + -35)) + -46.
-31
What is (-6 - 17 - -6) + 6 + -135 + 127?
-19
Evaluate (94 + -59 - -68) + -49.
54
What is 94 - (-78 + 40 + 69)?
63
Calculate 24 + (-22 - 4) + -7 + (-5 - (-45 - -7)).
24
What is 15 - 1 - (-37 - (-120 - -69)) - (1 + -12)?
11
Calculate 24 - (50 - -16) - -2.
-40
Calculate 4 - 72 - (24 + -73 - -34).
-53
Calculate -171 + 7 + (-2743 -